{"id":587,"date":"2025-11-18T15:35:43","date_gmt":"2025-11-18T18:35:43","guid":{"rendered":"https:\/\/calfesa.com.br\/?post_type=product&#038;p=587"},"modified":"2025-11-18T15:36:40","modified_gmt":"2025-11-18T18:36:40","slug":"calfesa-cobra-de-selva","status":"publish","type":"product","link":"https:\/\/calfesa.com.br\/index.php\/produto\/calfesa-cobra-de-selva\/","title":{"rendered":"CALFESA COBRA de Selva"},"content":{"rendered":"<p>O novo Boot COBRA de Selva da CALFESA \u00e9 feito em couro nobuck hidrofugado.<br \/>\nForro em tecido tridimensional de secagem r\u00e1pida.<br \/>\nCano e l\u00edngua feito em nylon.<br \/>\nAl\u00e9m disso, o cano \u00e9 acolchoado, com prote\u00e7\u00e3o dos mal\u00e9olos.<br \/>\nPalmilha confort.<br \/>\nSolado em PU com a tradicional flutuabilidade positiva CALFESA.<br \/>\nO primeiro extraleve da categoria, pesando em m\u00e9dia 900 gramas o par (sujeito a pequena varia\u00e7\u00e3o conforme numera\u00e7\u00e3o).<\/p>\n<p><strong>N\u00e3o descola:<\/strong> utiliza um exclusivo solado de Poliuretano (PU) colado e costurado ao cabedal que n\u00e3o descola.<\/p>\n<p><strong>Maior resist\u00eancia \u00e0 hidr\u00f3lise:<\/strong> utiliza PU de excelente qualidade assegurando maior resist\u00eancia \u00e0 hidr\u00f3lise e possibilitando, assim, o uso pleno em manobras aqu\u00e1ticas.<\/p>\n<p><strong>Flutua:<\/strong> adotando densidade espec\u00edfica no solado de PU e t\u00e9cnica especial de montagem, o CALFESA det\u00e9m excelente flutuabilidade positiva entre os coturnos militares.<\/p>\n<p><strong>Melhor ajuste:<\/strong> com novo cadar\u00e7o em poli\u00e9ster e carreira de ilh\u00f3s em couro mais largo, proporciona maior resist\u00eancia e melhor ajuste do cal\u00e7ado ao p\u00e9 do combatente.<\/p>\n<p>TESTADO E APROVADO PELO COTER<\/p>\n<p>Numera\u00e7\u00e3o do 36 ao 45<\/p>\n","protected":false},"excerpt":{"rendered":"<p>O Boot COBRA de Selva da CALFESA foi feito para atender a moderniza\u00e7\u00e3o e atualiza\u00e7\u00e3o do fardamento e equipamento do Ex\u00e9rcito Brasileiro.<\/p>\n<ul class=\"feature-list\">\n<li>Primeiro extra-leve da categoria.<\/li>\n<li>Com e sem z\u00edper.<\/li>\n<li>Solado de Poliuretano Anti-hidr\u00f3lise e anti-derrapante.<\/li>\n<li><i class=\"icon_check_alt2\"><\/i>Flutuabilidade positiva.<i class=\"icon_paperclip\"><\/i><\/li>\n<li>Palmilha confort.<\/li>\n<li><i class=\"icon_adjust-vert\"><\/i>Cano alcochoado.<\/li>\n<li>Foi desenvolvido para suportar situa\u00e7\u00f5es extremas de combate em terrenos hostis.<\/li>\n<li>Numera\u00e7\u00e3o do 36 ao 45<\/li>\n<\/ul>\n<p>TESTADO E APROVADO PELO COTER<\/p>\n","protected":false},"featured_media":588,"comment_status":"open","ping_status":"closed","template":"","meta":[],"product_cat":[],"product_tag":[],"_links":{"self":[{"href":"https:\/\/calfesa.com.br\/index.php\/wp-json\/wp\/v2\/product\/587"}],"collection":[{"href":"https:\/\/calfesa.com.br\/index.php\/wp-json\/wp\/v2\/product"}],"about":[{"href":"https:\/\/calfesa.com.br\/index.php\/wp-json\/wp\/v2\/types\/product"}],"replies":[{"embeddable":true,"href":"https:\/\/calfesa.com.br\/index.php\/wp-json\/wp\/v2\/comments?post=587"}],"wp:featuredmedia":[{"embeddable":true,"href":"https:\/\/calfesa.com.br\/index.php\/wp-json\/wp\/v2\/media\/588"}],"wp:attachment":[{"href":"https:\/\/calfesa.com.br\/index.php\/wp-json\/wp\/v2\/media?parent=587"}],"wp:term":[{"taxonomy":"product_cat","embeddable":true,"href":"https:\/\/calfesa.com.br\/index.php\/wp-json\/wp\/v2\/product_cat?post=587"},{"taxonomy":"product_tag","embeddable":true,"href":"https:\/\/calfesa.com.br\/index.php\/wp-json\/wp\/v2\/product_tag?post=587"}],"curies":[{"name":"wp","href":"https:\/\/api.w.org\/{rel}","templated":true}]}}